actors of t(0)?
2, 127
Let o(x) = 31*x**2 + 18*x + 16. What are the prime factors of o(7)?
11, 151
Suppose -6*a = -2784 + 294. List the prime factors of a.
5, 83
Let v(w) = -w + 3. Let g be v(3). Let s(a) = -3*a**2 + 6*a + 13. Let r be s(3). Suppose r*i = -g*i + 116. What are the prime factors of i?
29
Let p(a) = a**2 - 7*a + 10. Let r be p(6). Suppose 0 = r*f - 0*f + 24. Let t = 20 - f. List the prime factors of t.
2, 13
Let a = -1 - 3. Let g(r) = r**2 + 2*r - 5. Let c be g(a). What are the prime factors of (c - -1)*(-1 - -2)?
2
Let r = 52 + 108. List the prime factors of r.
2, 5
Let p be 8/(-10) - (-228)/60. Let l be p - (9/(-3) + 14). Let c = 19 - l. List the prime factors of c.
3
Suppose -3*t = -13 + 1. List the prime factors of t - (-1 + 4 + -2) - -53.
2, 7
Let i be ((-300)/(-9))/((1 + 0)/33). Suppose 3*b - 14*b = -i. What are the prime factors of b?
2, 5
Let b(o) = -15*o**3 + 3*o**2 + 8*o + 4. Let x be b(5). List the prime factors of (-3)/4 - x/16.
109
Suppose 8*c - 146 = 182. List the prime factors of c.
41
Suppose -2*h - 2*h + 8 = 0. Let m(n) = 51*n - 4. List the prime factors of m(h).
2, 7
Suppose -n - 2*v - 1987 = -4*n, -4*n - 5*v = -2611. List the prime factors of n.
659
Let p(h) = -92*h - 503. List the prime factors of p(-6).
7
Let z(h) = 17*h + 7. Let m = 21 + -16. List the prime factors of z(m).
2, 23
Suppose 13*c - 19775 - 21526 = 0. List the prime factors of c.
3, 353
Suppose 16*u - 2944 = 1024. List the prime factors of u.
2, 31
What are the prime factors of 2/6*(-22)/11*-510?
2, 5, 17
Suppose -4*v - c = -504, 3*v - 378 = 6*c - 3*c. What are the prime factors of (-10)/(-12) - (-13881)/v?
3, 37
Suppose -i - 18 + 46 = 0. Let p be i*(-3 + 84/8). Suppose w - 3*q = 38, -w + 5*q + p = 4*w. List the prime factors of w.
2, 11
Let u(a) = 5*a**2 - 32*a + 16. Let v(w) = 9*w**2 - 63*w + 32. Let c(r) = -11*u(r) + 6*v(r). What are the prime factors of c(-23)?
5, 17
Let i(a) = a**3 - 7*a**2 + 7*a + 6. Let c be i(6). Let g be (c/3)/((-14)/(-959)). Suppose 0 = 4*n - g + 2. What are the prime factors of n?
2, 17
Let j = 883 + 118. What are the prime factors of j?
7, 11, 13
Let l(u) = 7*u + 4. Let x be l(3). List the prime factors of 1/5 + 5/(x/594).
7, 17
Suppose 5*j + 3294 = 2*c + 7*j, 0 = 2*j - 2. List the prime factors of c.
2, 823
Let i(k) = -k - 9. Let n be i(-12). Let w be 4 - ((-12)/4)/n. Suppose -w*d + x + 71 = 11, 20 = -4*x. List the prime factors of d.
11
Let i be (-4)/(-22) + (-48)/22. Let h be (i/(-2))/(-6 + 7). List the prime factors of -1 - (-6)/h*2.
11
Let l(j) = -2*j**3 + 43*j**2 - 8*j + 72. What are the prime factors of l(16)?
2, 3, 5, 23
Let l(q) = -2*q - 7. Let u be l(-6). Suppose -6 = -3*z - 5*w + 2*w, u*z - 2*w - 17 = 0. What are the prime factors of z?
3
Let m be (-1 + 995/10)/((-1)/(-4)). Suppose 2*k - 396 = -k + 3*f, 3*k = f + m. What are the prime factors of k?
131
Suppose -13*t = -18*t + 10, 3*t = 3*u - 54. What are the prime factors of u?
2, 5
Suppose 42 + 28 = -5*j. Let l be (-6)/(-9) + j/(-6). Suppose -t + 88 = l*t. List the prime factors of t.
2, 11
Let n = 15 - 13. Suppose -n*r - 2*u = -8, u - 2*u = -r. Suppose 4*v = 2*v + r*x + 60, -2*v = 2*x - 64. What are the prime factors of v?
31
Suppose -2*i - i - 5*a - 578 = 0, 4 = -4*a. Let x = -55 - i. List the prime factors of x.
2, 17
Suppose 3*l + 4*n + 86 = 0, 2*n - 3*n - 54 = 2*l. Suppose d + 49 = -0*d. Let h = l - d. What are the prime factors of h?
23
Suppose -20 = 5*y, -12*v + 9*v = -4*y - 3439. List the prime factors of v.
7, 163
Suppose 0 = 10*k - 1443 - 11027. List the prime factors of k.
29, 43
Let p(h) = 4*h**2 + 8*h. Let f(s) = 2*s**2 + 2*s - 4. Let t be f(2). Let y = t - 12. List the prime factors of p(y).
2
Let q(i) = -6*i**2 - 2. Let v be q(2). Let j = -17 - v. What are the prime factors of j?
3
Suppose 5 = j + 3, 5*j = -3*o + 379. What are the prime factors of o?
3, 41
Let n be -3 + 0 - -10*(4 + -3). Suppose -3*y = 3*q - 1038, -2*q - n*y = -2*y - 689. List the prime factors of q.
347
Let n be 2*(-3)/6*1. Let w(r) = 98*r**2. What are the prime factors of w(n)?
2, 7
Suppose -t - 3*t = -72. Suppose -2 = 4*q - t. List the prime factors of q*4/4 - -36.
2, 5
Let t = 4893 - 2926. List the prime factors of t.
7, 281
Let x = 97 + -94. Suppose 51 = y - 5*f, -2*f - x*f = y - 101. What are the prime factors of y?
2, 19
Let i(a) = 2*a. Let d = 7 - 2. Let u be i(d). Let z = u - -15. List the prime factors of z.
5
Let o(u) = -u - 7. Let f be o(-7). Suppose -h + 2*w - 86 = -3*h, -2*h - 4*w + 88 = f. List the prime factors of h.
2, 3, 7
Suppose 0 = -4*o + l + 8400, 5704 = 3*o + 5*l - 619. List the prime factors of o.
11, 191
Let q = 939 + 44. What are the prime factors of q?
983
Suppose 2*d = -5*l - 358, 4*l - 2*d = -0*d - 290. List the prime factors of (-5)/(2/l*(-2)/(-1)).
2, 3, 5
Let q = -16 - -20. List the prime factors of 16/(-6)*(-78)/q.
2, 13
Suppose -3*g = 3*b, -b - 2*b + 21 = -4*g. List the prime factors of (-1)/g + (1294/6 - 1).
5, 43
Suppose -4 = 2*y + 4*q, -2*y + 4*q + 14 + 14 = 0. Suppose y*w = w + 330. List the prime factors of w.
2, 3, 11
Let b(q) = -q**2 + 7*q - 3. Let t be b(6). Let i be (1 + t)*(2 + -1). Suppose -2*x = -3*x + i*h + 7, 0 = 2*x - h - 42. What are the prime factors of x?
23
List the prime factors of (2 - 592/6)*9/(-6).
5, 29
Let a(i) = 30*i - 8 + 10 + 2 + 5. What are the prime factors of a(5)?
3, 53
Let x(u) = u**2 - u - 1. Let w(o) = -o**3 - 10*o**2 - 10*o - 7. Let r be w(-9). Suppose -11 = -r*d - 5. List the prime factors of x(d).
5
Suppose -3 - 9 = -4*t. Let l(i) = 4*i - 5*i**2 + 1 + 4*i**2 + 2 - 4. What are the prime factors of l(t)?
2
Let w(r) = -r**2 - 4*r + 1. Let o be w(-3). Suppose -t = -o*t + 21. List the prime factors of t.
7
Let i(r) = -2*r**3 + 9*r**2 - 5*r + 7. Let g(y) = 3*y**3 - 9*y**2 + 5*y - 6. Let v(j) = 3*g(j) + 4*i(j). List the prime factors of v(-9).
5, 11
What are the prime factors of (4/2)/1*(-3212)/(-88)?
73
Let n(m) = m**3 - 1. Let a be n(-4). Let j = a - -137. What are the prime factors of j?
2, 3
Suppose 8*v - 7606 - 6066 = 0. List the prime factors of v.
1709
Suppose n - 7 = -3*y - 0*n, 0 = y + 5*n - 21. Let j(o) = -o**2 + o - 2. Let m be j(2). What are the prime factors of (13 - 0/m)*y?
13
Suppose -3*q = -5*s + 13697 + 1416, s - 3024 = 2*q. List the prime factors of s.
2, 1511
Let u(m) = m**3 + 3*m**2 - 3*m - 4. Let h be u(-2). Let a(k) = 2*k**2 + k - 16. List the prime factors of a(h).
2, 31
What are the prime factors of 275 - (-5 + 5 + -1)?
2, 3, 23
Let y = 1994 - 1212. What are the prime factors of 7/(42/y) + 1/(-3)?
2, 5, 13
Suppose -18*a + 11 = -17*a. List the prime factors of a.
11
Suppose 3*x + 63 = s, -x - 101 = -7*s + 5*s. Let m = 312 - s. List the prime factors of m.
2, 3, 11
Let g = -105 - -186. List the prime factors of g.
3
What are the prime factors of ((-93)/15 - -6) + 179346/30?
2, 7, 61
Suppose 0 = h - 28 - 132. Suppose 20*s + h = 24*s. List the prime factors of s.
2, 5
Let o be 1/(-3) + (-2960)/30. Suppose 0 = 4*r - 4*d - 596, 0 = -2*r + r + 2*d + 147. Let x = r + o. List the prime factors of x.
2, 13
Let k(m) = 2*m**2 - 3*m - 11. Let b be k(-4). List the prime factors of (7 - 1)*b/6.
3, 11
Let n be -6 + 4 - (-3)/(6/64). Suppose 3*w + 2 = -10. List the prime factors of (-1696)/(-120) + w/n.
2, 7
Let d be ((-4)/8 + 1)/((-2)/28). Suppose -2*o = -5*r - 57, 67 - 7 = -5*r + 5*o. Let a = d - r. List the prime factors of a.
2
Let t(x) = -9*x + 6. Let k be t(-2). Let g be 1568/k + 2/3. Suppose -q = -0*q - g. List the prime factors of q.
2, 3, 11
Let y(x) = -x**2 - x - 210. Let p(u) = -1. Let b(i) = 4*p(i) - y(i). List the prime factors of b(0).
2, 103
Suppose 0 = f - 6*f. Suppose f = -28*l + 26*l + 54. Suppose -l = -3*r + 2*p, r + 0 = p + 8. List the prime factors of r.
11
What are the prime factors of 11 - -701 - 18/2?
19, 37
Let m be 2*5/((-30)/(-9)). Suppose 5 = o + m. Let a(q) = 5*q**2 + 2*q - 3. List the prime factors of a(o).
3, 7
Suppose 18*k = 23*k - 10. Suppose -2*o + 14 = -3*u, -u + 0*o + k = -4*o. List the prime factors of (-318)/u + 0 + 1.
2, 3
Suppose i + 14 = 3*i. Suppose -i*l = -3*l - 32. What are the prime factors of 64/(-6)*(-12)/l?
2
List the prime factors of ((-998)/4*14)/(105 - 106).
7, 499
What are the prime factors of (6 - 10) + (916/2 - 4)?
2, 3, 5
Suppose 0 = x + 4*y - 3,